
True
Is 931800108 a multiple of 612?
False
Does 236 divide 59217203?
False
Does 228 divide 90845004?
True
Is 794739609 a multiple of 303?
True
Is 506698709 a multiple of 7784?
False
Does 160 divide 399970080?
True
Is 58079976 a multiple of 534?
True
Is 15 a factor of 7460856?
False
Is 811104091 a multiple of 19?
True
Is 644848812 a multiple of 183?
True
Does 26 divide 33192572?
False
Is 4213028586 a multiple of 26?
True
Does 1002 divide 112973857?
False
Is 96624983 a multiple of 108?
False
Does 12 divide 725193756?
True
Is 812 a factor of 1759651211?
False
Does 718 divide 3561399973?
False
Is 2979864513 a multiple of 37?
False
Does 2958 divide 21176322?
True
Does 46 divide 299555588?
True
Is 477 a factor of 44375787?
True
Is 3397041431 a multiple of 7?
True
Is 189 a factor of 2002833?
True
Is 3573936 a multiple of 569?
False
Is 45239976 a multiple of 596?
True
Does 33 divide 198170973?
True
Is 449012373 a multiple of 43?
False
Does 3 divide 147251027?
False
Is 26 a factor of 46511010?
True
Does 1743 divide 225669696?
True
Is 31 a factor of 3551652430?
False
Does 49 divide 2746614?
False
Is 380 a factor of 87899700?
True
Is 33765202 a multiple of 121?
False
Is 19 a factor of 1140223?
False
Is 7723988 a multiple of 4?
True
Is 924707512 a multiple of 24?
False
Is 1435197056 a multiple of 103?
True
Is 256012512 a multiple of 1984?
False
Does 87 divide 98873005?
False
Is 38242965 a multiple of 15?
True
Does 11 divide 4706405?
True
Is 220 a factor of 9584046?
False
Is 11 a factor of 9986350?
True
Does 8 divide 185242968?
True
Does 96 divide 11282409?
False
Is 198546125 a multiple of 3925?
True
Is 40 a factor of 17058847?
False
Is 21 a factor of 187589663?
False
Is 152 a factor of 677296849?
False
Is 43962879 a multiple of 27?
False
Is 48 a factor of 226910688?
True
Does 320 divide 104717308?
False
Is 596621648 even?
True
Is 155 a factor of 15720875?
True
Does 19 divide 335552445?
True
Does 3 divide 83761157?
False
Is 3137 a factor of 605039187?
False
Does 403 divide 170839757?
False
Is 411236252 a multiple of 28?
True
Does 11 divide 1024273360?
True
Is 2810 a factor of 184308856?
False
Is 25130916 a multiple of 116?
False
Does 386 divide 244114892?
True
Does 14 divide 726465664?
False
Is 1087 a factor of 4424090?
True
Does 9 divide 28267535?
False
Is 7 a factor of 5935537?
False
Is 6276 a factor of 328592532?
True
Is 953 a factor of 29306656?
True
Is 146 a factor of 66353934?
True
Does 105 divide 973394960?
False
Is 353176854 a multiple of 19?
False
Does 39 divide 2540224977?
False
Is 10 a factor of 703359122?
False
Is 3 a factor of 49542261?
True
Is 4729458 a multiple of 337?
True
Does 878 divide 415955151?
False
Does 14 divide 238465582?
False
Does 2 divide 19162338?
True
Does 19 divide 70926631?
False
Does 299 divide 10890054?
False
Is 25324782 a multiple of 14?
True
Does 18 divide 1716895523?
False
Is 78 a factor of 98621331?
False
Does 1233 divide 21782491?
False
Is 16241473 a multiple of 59?
False
Is 243 a factor of 48188115?
True
Does 783 divide 226881244?
False
Is 10 a factor of 97093089?
False
Is 2207668019 a multiple of 10?
False
Is 163441008 a multiple of 829?
False
Does 49 divide 72381234?
False
Is 712061702 a multiple of 20?
False
Is 105 a factor of 174525720?
False
Does 40 divide 140124520?
True
Is 74148243 a multiple of 108?
False
Is 129 a factor of 21528895?
False
Is 1709 a factor of 81695327?
True
Is 67466765 a multiple of 217?
False
Does 170 divide 155621139?
False
Is 67 a factor of 172582131?
False
Does 83 divide 12538810?
True
Does 4569 divide 1706402706?
True
Is 136732001 a multiple of 31?
False
Is 13 a factor of 25394822?
False
Is 683198621 a multiple of 461?
False
Is 29058570 a multiple of 335?
True
Is 34 a factor of 116059663?
False
Is 88162284 a multiple of 6?
True
Does 16 divide 4646240?
True
Is 1514963900 a multiple of 100?
True
Does 21 divide 70395076?
False
Does 31 divide 44506514?
True
Is 216 a factor of 23605128?
True
Is 119 a factor of 15700187?
False
Is 32061912 a multiple of 471?
True
Does 4 divide 14091074?
False
Does 224 divide 65270688?
True
Does 770 divide 177665950?
True
Is 564 a factor of 155799924?
True
Is 181 a factor of 337297120?
True
Is 8 a factor of 656235152?
True
Is 23488872 a multiple of 23?
False
Is 2261 a factor of 471149586?
False
Is 254 a factor of 234620816?
True
Does 14 divide 6370618?
False
Does 26 divide 7537556?
True
Does 980 divide 317479035?
False
Does 17 divide 11564814?
False
Is 26183250 a multiple of 375?
True
Is 52689124 a multiple of 95?
False
Does 4 divide 1007247422?
False
Is 444 a factor of 44435520?
True
Does 101 divide 17805189?
True
Is 123415536 a multiple of 1616?
True
Is 504656811 a multiple of 33?
False
Is 29621106 a multiple of 6?
True
Is 1113956941 a multiple of 314?
False
Does 20 divide 3114086246?
False
Is 926653545 a multiple of 892?
False
Is 404915269 a multiple of 9?
False
Is 3279550 a multiple of 9?
False
Does 9649 divide 206313743?
False
Is 13 a factor of 55111855?
False
Is 12946119 a multiple of 2?
False
Is 345 a factor of 142452570?
True
Is 118068969 a multiple of 25?
False
Does 1673 divide 142944466?
True
Is 32 a factor of 18707941?
False
Does 4403 divide 193190431?
True
Is 7831 a factor of 1434286174?
False
Is 15 a factor of 653182005?
True
Is 382649089 a multiple of 337?
False
Does 287 divide 46445865?
False
Is 883 a factor of 8898874?
True
Is 131913623 a multiple of 295?
False
Does 1387 divide 242650102?
True
Does 853 divide 6462328?
True
Is 180676360 a multiple of 41?
False
Is 77939739 a multiple of 83?
True
Does 2283 divide 409047926?
False
Does 539 divide 107975776?
False
Is 1352817282 a multiple of 3517?
False
Is 66044080 a multiple of 16?
True
Is 343 a factor of 10366998?
False
Is 172824171 a multiple of 29?
False
Does 10 divide 553306010?
True
Does 8 divide 329050401?
False
Does 54 divide 1087419546?
True
Is 3986575548 a multiple of 12?
True
Does 21 divide 52075338?
True
Is 4857920 a multiple of 47?
True
Is 399683064 a multiple of 97?
False
Does 2474 divide 33799187?
False
Does 83 divide 17093933?
True
Is 47 a factor of 160012257?
False
Does 892 divide 8149312?
True
Does 526 divide 375114270?
True
Does 555 divide 18650775?
True
Is 6129252 a multiple of 42?
False
Does 22 divide 8596910?
False
Is 16112698 a multiple of 14?
True
Is 3686 a factor of 68566972?
True
Does 69 divide 23303715?
True
Does 3 divide 45245187?
True
Does 46 divide 1126588886?
False
Is 600131475 a multiple of 15?
True
Is 5612 a factor of 1396187762?
False
Is 7 a factor of 215982437?
False
Is 85133309 a multiple of 77?
False
Does 16 divide 96239568?
True
Is 64603080 a multiple of 180?
True
Is 6898633 a multiple of 2?
False
Does 731 divide 54583071?
False
Is 65 a factor of 441911990?
True
Does 5 divide 159230000?
True
Does 53 divide 9195447?
True
Is 84 a factor of 188983512?
False
Does 7 divide 1185909703?
False
Does 8668 divide 161077444?
True
Is 35603559 a multiple of 225?
False
Does 106 divide 256210213?
False
Does 181 divide 694526141?
True
Does 3893 divide 229239305?
True
Is 1591177778 a multiple of 396?
False
Does 7 divide 4746191755?
False
Does 1235 divide 14016538?
False
Is 20709774 a multiple of 34?
True
Is 1095 a factor of 592356675?
True
Is 47167657 a multiple of 10?
False
Is 20255744 a multiple of 256?
True
Is 17180175 a multiple of 2?
False
Does 5 divide 4479954?
False
Is 112 a factor of 2533865040?
True
Is 53919257 a multiple of 3?
False
Does 9 divide 520440100?
False
Is 42034655 a multiple of 231?
False
Is 6876891 a multiple of 646?
False
Is 676473620 a multiple of 4?
True
Is 1529287365 a multiple of 20?
False
Does 22 divide 78574585?
False
Is 400 a factor of 326682000?
True
Is 17 a factor of 446493899?
True
Does 4011 divide 279081369?
True
Is 349979707 a multiple of 2507?
True
Is 544 a factor of 25818660?
False
Is 142 a factor of 28088878?
True
Does 11 divide 44140962?
False
Does 10 divide 26082784?
False
Does 790 divide 134259793?
False
Is 461 a factor of 38613170?
False
Is 17197470 a multiple of 565?
True
Is 19 a factor of 4317735826?
True
Does 15 divide 185124810?
True
Is 590 a factor of 429644465?
False
Is 131464629 a multiple of 21?
False
Is 79 a factor of 203015142?
False
Is 198 a factor of 584023176?
True
Is 44402533 a multiple of 7?
True
Does 152 divide 1999182